o base 4
3123020
What is -113343 (base 5) in base 9?
-5712
What is -7640 (base 16) in base 9?
-45465
Convert bcb0 (base 13) to base 3.
1100010111
-76 (base 10) to base 15
-51
Convert -64aa (base 14) to base 2.
-100001111110110
Convert -4103 (base 13) to base 2.
-10001100000000
-153 (base 16) to base 10
-339
What is -1533 (base 6) in base 11?
-34a
Convert 1170 (base 16) to base 8.
10560
Convert -2452 (base 9) to base 16.
-725
Convert -5547 (base 10) to base 11.
-4193
What is 6953 (base 14) in base 10?
18301
Convert -3230423 (base 5) to base 6.
-1103053
What is -1647 (base 12) in base 2?
-101001010111
What is 12120120 (base 3) in base 14?
16a5
What is 571 (base 13) in base 6?
4201
What is -210 (base 6) in base 3?
-2220
What is -52956 (base 10) in base 6?
-1045100
-155a (base 11) to base 16
-7d1
Convert -319 (base 10) to base 9.
-384
What is 1025 (base 8) in base 7?
1361
-21100 (base 3) to base 5
-1243
Convert 332 (base 9) to base 3.
101002
Convert 4234 (base 13) to base 16.
23d1
What is eb3 (base 16) in base 14?
152b
973 (base 11) to base 14
5d7
Convert 11223 (base 6) to base 4.
120333
What is 15032 (base 8) in base 16?
1a1a
Convert 1101111001 (base 2) to base 5.
12024
What is -c12 (base 14) in base 11?
-1863
What is 2d0 (base 15) in base 14?
341
-54704 (base 9) to base 10
-36292
What is 11210 (base 3) in base 15?
89
What is -5b41 (base 12) in base 14?
-3a5b
Convert 1022121102 (base 3) to base 5.
1312313
-1063 (base 9) to base 14
-402
-1120330 (base 4) to base 15
-1a47
What is 1324 (base 8) in base 6?
3204
Convert -59 (base 11) to base 9.
-71
What is -34160 (base 8) in base 10?
-14448
Convert 22120 (base 6) to base 16.
c00
What is 13316 (base 8) in base 3?
22000020
1201100 (base 3) to base 12
883
-1020 (base 5) to base 12
-b3
What is 5376 (base 12) in base 9?
13510
5621 (base 14) to base 13
6a41
-111021 (base 3) to base 5
-2413
What is 115d (base 14) in base 10?
3023
Convert -2557 (base 8) to base 14.
-715
-138 (base 13) to base 2
-11011000
-21788 (base 9) to base 8
-34242
530053 (base 6) to base 12
20929
Convert 1283 (base 10) to base 12.
8ab
2005 (base 7) to base 16
2b3
1925 (base 14) to base 7
16145
What is -182 (base 9) in base 7?
-311
What is 3132444 (base 5) in base 15?
10734
What is 46469 (base 11) in base 9?
112045
-62c (base 13) to base 9
-1388
What is 759 (base 10) in base 6?
3303
-22210 (base 5) to base 12
-a97
-10eb (base 15) to base 7
-13325
What is -10000011011111 (base 2) in base 12?
-4a53
Convert -2a2a (base 11) to base 6.
-30024
10570 (base 14) to base 8
115106
-4663 (base 7) to base 3
-2100101
2112101 (base 3) to base 13
ac0
What is 522425 (base 6) in base 3?
2010200222
Convert -2031210 (base 4) to base 2.
-10001101100100
What is 8934 (base 13) in base 4?
10223010
What is -60 (base 15) in base 8?
-132
What is -4358 (base 16) in base 3?
-212122112
What is 395 (base 10) in base 7?
1103
Convert 3323 (base 5) to base 10.
463
-1100001110100 (base 2) to base 3
-22120212
Convert -91 (base 12) to base 10.
-109
What is 112020 (base 3) in base 11?
31a
Convert -1041302 (base 5) to base 6.
-220503
-4a2 (base 12) to base 2
-1010111010
Convert -147 (base 11) to base 14.
-c4
Convert 106553 (base 7) to base 3.
222021012
347 (base 15) to base 3
1000111
Convert -4103 (base 9) to base 12.
-18a0
What is -322622 (base 7) in base 4?
-31232123
Convert -624 (base 7) to base 4.
-10320
What is -33124 (base 5) in base 15?
-a29
What is 2122011 (base 3) in base 6?
12521
What is -22121022 (base 3) in base 4?
-1202000
What is 23321 (base 4) in base 6?
3305
Convert 25895 (base 12) to base 6.
1033505
1366 (base 8) to base 13
464
What is 4095 (base 12) in base 16?
1b71
a417 (base 13) to base 2
101100010001010
What is 10102102 (base 3) in base 2?
100110111111
Convert -2245 (base 11) to base 7.
-11416
Convert -27d (base 15) to base 2.
-1000111000
What is 3796 (base 12) in base 11?
4813
-34234 (base 5) to base 9
-3315
What is -14854 (base 14) in base 8?
-143532
706 (base 13) to base 15
544
What is 1253 (base 9) in base 5?
12224
Convert 439 (base 15) to base 16.
3ba
Convert 1439 (base 13) to base 10.
2921
24b (base 12) to base 6
1335
What is -2764 (base 10) in base 13?
-1348
Convert 424044 (base 5) to base 13.
6660
Convert -10111001 (base 2) to base 9.
-225
-825 (base 11) to base 13
-5b7
What is -2230020 (base 4) in base 14?
-402c
Convert -b597 (base 12) to base 11.
-139aa
What is -342 (base 11) in base 7?
-1123
Convert 100111002 (base 3) to base 11.
5216
Convert 127 (base 13) to base 14.
106
Convert 6220 (base 7) to base 9.
2871
Convert -3944 (base 10) to base 13.
-1a45
Convert -1010131 (base 4) to base 12.
-2651
40335 (base 8) to base 2
100000011011101
Convert 456 (base 13) to base 2.
1011101011
What is 48b4 (base 13) in base 15?
30ac
Convert 25386 (base 9) to base 3.
212102220
11101110111 (base 2) to base 4
131313
Convert -26b1 (base 16) to base 10.
-9905
Convert -101010 (base 3) to base 9.
-333
3a57 (base 13) to base 15
271d
What is 211110010 (base 3) in base 5?
1010430
-1a08c (base 15) to base 16
-14a1b
What is -10011101111 (base 2) in base 13?
-762
-1e2 (base 16) to base 11
-3a9
What is 11111100111 (base 2) in base 11?
157a
What is -3023 (base 5) in base 12?
-284
What is 1b7 (base 13) in base 12?
227
Convert -101111101111 (base 2) to base 10.
-3055
Convert 6883 (base 16) to base 10.
26755
1c6 (base 15) to base 14
215
Convert 242354 (base 6) to base 10.
21310
Convert 20000233 (base 4) to base 2.
1000000000101111
50bd (base 14) to base 15
41ac
What is -1011101101 (base 2) in base 3?
-1000202
Convert -273 (base 9) to base 16.
-e4
Convert -2a8 (base 16) to base 6.
-3052
Convert -11022310 (base 4) to base 7.
-115504
2922 (base 12) to base 5
123103
2aa (base 12) to base 4
12202
Convert 75f (base 16) to base 8.
3537
-157 (base 15) to base 16
-133
Convert 141105 (base 6) to base 9.
20115
-128 (base 10) to base 16
-80
11b (base 16) to base 13
18a
Convert -10d09 (base 16) to base 3.
-10111110212
-717 (base 10) to base 3
-222120
34b (base 13) to base 9
703
What is 26 (base 13) in base 4?
200
Convert 53403 (base 9) to base 4.
20213313
Convert -2bee (base 16) to base 11.
-84a4
What is -7622 (base 8) in base 10?
-3986
What is -100001000 (base 2) in base 9?
-323
20221200 (base 3) to base 5
130232
Convert -5005 (base 6) to base 2.
-10000111101
Convert 1010100020 (base 3) to base 16.
5667
598 (base 13) to base 2
1111001010
What is -235 (base 7) in base 11?
-103
What is -22133303 (base 4) in base 14?
-11951
Convert -18a28 (base 11) to base 15.
-7cd9
Convert -13101 (base 6) to base 2.
-11110111101
-8867 (base 14) to base 5
-1223421
Convert 952 (base 12) to base 6.
10142
What is 111000201 (base 3) in base 5?
300441
Convert 14a60 (base 11) to base 13.
988c
11100001101100 (base 2) to base 14
539a
1420 (base 5) to base 9
281
Convert -3a580 (base 11) to base 4.
-32021012
What is -3604 (base 7) in base 11?
-aa7
Convert 10211 (base 3) to base 15.
6d
What is -4001 (base 6) in base 8?
-1541
What is -2534 (base 7) in base 8?
-1674
What is 4105a (base 12) in base 4?
110230012
Convert -419 (base 13) to base 9.
-855
What is 2442 (base 5) in base 9?
453
What is -2d8c (base 14) in base 9?
-12166
What is -53804 (base 9) in base 2?
-1000101100111100
What is -10302 (base 5) in base 12?
-4a6
Convert -38b5 (base 13) to base 6.
-101243
-13251 (base 9) to base 8
-21374
What is -144a2 (base 11) in base 12?
-ba95
-1023031 (base 4) to base 16
-12cd
-1112102 (base 3) to base 2
-10001011110
What is b047 (base 15) in base 3?
1220000111
What is -121211012 (base 3) in base 16?
-2fe7
What is 1220 (base 14) in base 8?
6134
What is -247b (base 12) in base 5?
-113002
What is -15ba5 (base 13) in base 11?
-29234
What is -213 (base 6) in base 8?
-121
1111010010 (base 2) to base 3
1100020
7708 (base 16) to base 2
111011100001000
What is 2234 (base 11) in base 12?
1851
35bb (base 12) to base 5
143142
Convert 707f (base 16) to base 14.
a6d1
What is 10110110 (base 4) in base 9?
26228
What is 101121022 (base 3) in base 14?
2b62
Convert -101111000001110 (base 2) to base 13.
-ac62
Convert 1357 (base 10) to base 3.
1212021
67c1 (base 14) to base 13
8270
Convert 175 (base 11) to base 13.
128
What is -3444 (base 6) in base 4?
-30310
What is 1122120 (base 3) in base 11?
9a4
-101101001111 (base 2) to base 6
-21223
Conver